e of -u**3/6 + 4*u**2 + 5*u. Let m be l(0). Let i be m/4 + 2*5. What is the highest common factor of 60 and i?
12
Suppose 3*r - 80 = -j + 28, 4*j - 5*r = 500. Calculate the highest common factor of j and 64.
8
Let z = -981 - -977. Let p(o) = -o**3 + o**2 - 2. Let q be p(2). Let a be 8/3*q/z. Calculate the highest common factor of 20 and a.
4
Suppose 10*d + 60 = -70. Let y(u) = -u**3 - 12*u**2 - 3*u + 34. Let g be y(d). Calculate the highest common divisor of 22 and g.
22
Suppose 0 = -3*q + 3*u - 12, -19 = 3*q + 2*q - 4*u. Let j be q/((-12)/15 + 1). Let c be (18/j)/(6/(-120)). Calculate the highest common divisor of c and 264.
24
Let j(z) = -z**2 - 36*z - 53. Let q be j(-17). Calculate the greatest common factor of 30 and q.
30
Suppose -4*u = 4*h + 20, 3*u - 5*h = -31 - 0. Let o(r) = -16 - 3*r - r + r. Let q be o(u). Calculate the greatest common divisor of q and 20.
5
Let a be ((-1012)/33)/(55/30 - 2). What is the greatest common factor of a and 16?
8
Let x = 18 + 9. Suppose -22*o + 25*o + 6*v - 39 = 0, 3*v = 2*o - 12. What is the greatest common factor of x and o?
9
Let x = 13 + -9. Suppose 0 = -6*z + x*z + 18. Suppose -m = -0*m - z. Calculate the greatest common divisor of 1 and m.
1
Suppose 5775 = 51*c - 36*c. What is the highest common divisor of c and 175?
35
Let k = -29 + 8. Let b = k + 35. What is the greatest common divisor of 140 and b?
14
Suppose -5*t - a = -2*t - 17, -t + 2*a + 8 = 0. Let b be (-3 + t)*128/6. Let h be (2 - 6) + (12 - 0). Calculate the greatest common divisor of h and b.
8
Let c(o) = -o**3 + 1. Let j be c(-2). Let r = 20 - j. Suppose -21 = -2*h + r. Calculate the greatest common divisor of 144 and h.
16
Let t = 76 + -34. Let k = 42 + -37. Suppose 0 = -2*c + 2*u + 122, -5*c + k*u + 242 = -c. Calculate the greatest common divisor of t and c.
21
Let s be 12*(-4)/(-6)*44. Let j = -1579 + 1611. Calculate the highest common divisor of j and s.
32
Suppose -2*j + 120 + 40 = 2*w, -3*j = 2*w - 245. Let z = j + -31. Calculate the greatest common factor of z and 6.
6
Suppose 0 = -4*w - 8, -14 = -4*s + 2*w + 2. What is the greatest common divisor of 72 and s?
3
Let g be (-9)/(-1) + (-6)/6. Suppose 5*l - g*l = 15. Let a(p) = 6*p**2 + 16*p + 2. Let o be a(l). Calculate the greatest common divisor of 9 and o.
9
Let x = 33 - 3. Let l be (28980/(-368))/(5/8 - 1). Calculate the highest common factor of x and l.
30
Let w = -6 + 11. Suppose -w*o - 81 - 3 = -2*b, 3*o = b - 42. Calculate the highest common divisor of 21 and b.
21
Suppose 0 = -7*w + 13 + 8. Let g be (-3)/(w/(-47)) + (-4 - -6). What is the highest common factor of g and 7?
7
Let j(h) be the second derivative of 13*h**4/6 - h**3/3 + 3*h**2/2 - 8*h. Let o be j(3). Calculate the greatest common factor of 21 and o.
21
Let r be (-14)/3*(41 - 50). What is the highest common factor of 105 and r?
21
Let h(a) = a**2 - 2. Let b be h(4). Let d be ((-4 - -3)*1)/(-1). Let l(j) = 97*j + 1. Let k be l(d). Calculate the greatest common divisor of b and k.
14
Suppose -5*p = -p - 176. Let u = -214 + 218. Calculate the greatest common divisor of p and u.
4
Let k(i) = 5*i**2 - 13*i - 11. Let y be k(8). What is the highest common divisor of 40 and y?
5
Let t = -100 + 136. Calculate the highest common factor of 1476 and t.
36
Suppose 5*t + 73 = 2*r + r, -5*t + 20 = 0. Let q = 46 + r. What is the greatest common divisor of q and 11?
11
Let b = -384 + 394. What is the highest common divisor of b and 145?
5
Let d(x) = 3*x - 2. Let j be d(2). Let a(i) = -i**2 + 10 + 26*i - 51*i + 36*i. Let s be a(5). What is the highest common divisor of j and s?
4
Suppose 0 = 5*p - 22 - 103. Suppose 0 = 4*l + p + 71. Let n = -18 - l. What is the highest common divisor of n and 6?
6
Let g = 275 + -205. Calculate the highest common divisor of g and 10.
10
Suppose -4*c + 20 = 0, -b + 5*c = -2*b + 75. Calculate the highest common factor of b and 1600.
50
Suppose 29*b - 24*b - 320 = 0. Calculate the highest common factor of 4 and b.
4
Let a(i) = 10*i**2 + i + 5. Let j be a(-5). Calculate the highest common factor of j and 50.
50
Let y be (-4)/10*(-30 + -195). Calculate the greatest common factor of y and 9.
9
Suppose -3*l - 63*p = -66*p - 36, p = 2*l - 24. What is the highest common divisor of l and 32?
4
Let u = 5384 - 2603. Calculate the greatest common divisor of 27 and u.
27
Suppose 5*n - 3284 = -3294, -n + 64 = 3*x. Suppose q - 19 = 36. Calculate the greatest common factor of x and q.
11
Let x be (3542/21)/(-11)*-3. What is the greatest common factor of x and 322?
46
Suppose 0 = -4*h + 20, -4*h = 2*x - 253 - 215. What is the greatest common divisor of x and 28?
28
Suppose 15318 = 13*q - 2492. Calculate the highest common divisor of q and 10.
10
Let k be 12344/18 + (-36)/(-162). Calculate the greatest common divisor of 112 and k.
14
Suppose 253*y = 291*y - 2318. Calculate the highest common divisor of 1769 and y.
61
Let f be (-1 - -2)/(2/(-12)). Let s be ((-8)/f)/((-4)/(-66)). Suppose 115*y + 8 = 119*y. What is the highest common factor of s and y?
2
Let p be ((-28)/(-3))/(40/3420). What is the highest common divisor of p and 28?
14
Suppose 65 = x + 4*w, 0 = -2*x - 2*w + 75 + 25. Let q = x + -31. Let s = 7 + -5. What is the greatest common factor of s and q?
2
Suppose 39*n + 1174 = 5971. What is the greatest common divisor of n and 287?
41
Let l be -7 - ((-11)/1 - 2). What is the highest common factor of l and 16?
2
Let q(v) = v**3 + 6*v**2 - 6*v + 8. Let l be q(-7). Suppose -59 - l = -3*r. Calculate the highest common divisor of 30 and r.
10
Let g = 382 - 378. Calculate the greatest common factor of 244 and g.
4
Let i = -3 - -6. Suppose c = -z + 34 - 36, 0 = -3*z - 4*c - 10. Calculate the greatest common divisor of i and z.
1
Let z be (-1648)/(-36) + 2/9. Let m = z + -10. Calculate the greatest common divisor of 396 and m.
36
Suppose j - 33 = -0*j. Let n = j - 13. What is the highest common factor of 70 and n?
10
Let n = 30 + -27. Let a = 23 + -11. What is the greatest common divisor of a and n?
3
Let r be (112/(-24) - (-4)/(-3)) + 23. Calculate the highest common divisor of 9 and r.
1
Let n = -872 + 890. Let f(m) = 10*m + 61*m + m. Let x be f(1). What is the highest common divisor of n and x?
18
Let h be (-48)/32 - (-550)/4. Let w(r) = r**3 - r**2 - r + 17. Let s be w(0). Calculate the greatest common divisor of h and s.
17
Let o = -284 - -569. What is the highest common factor of 380 and o?
95
Let y be (36/(-10))/((-6)/20). Let x be (-1 - 1/(-2)) + (-76)/(-8). Suppose x*u = 6*u + 9. Calculate the greatest common factor of u and y.
3
Let r(u) = -u**3 + 27*u**2 + 2*u - 65. Let j be r(26). Calculate the greatest common factor of 17 and j.
17
Let x = -12 - -42. Suppose -3*a - 1 = -4*a + 4*d, 3*d + x = 3*a. What is the greatest common divisor of 52 and a?
13
Let t(j) = 3*j**2 - 6*j + 7. Let d be t(10). Calculate the greatest common factor of 76 and d.
19
Suppose -5*j - 4*i = -262, -2*i = -j - i + 56. Calculate the highest common divisor of j and 6.
6
Let b(w) = w**3 + 7*w**2 - 10*w + 8. Let t be b(-8). Let d = 167 - t. Calculate the greatest common divisor of d and 13.
13
Let d(f) be the first derivative of 4*f**3/3 + 5*f**2/2 + f + 4. Let b be d(4). Let n = -21 + b. What is the greatest common factor of n and 96?
32
Suppose 5*n = m - 4*m + 3514, -2*n + 1402 = 3*m. What is the greatest common factor of n and 128?
64
Let q be 2 + -2 - (-1 + 50). Let t = q + 82. Let f = -2 + 5. Calculate the greatest common factor of t and f.
3
Let o(j) = -j**2 - 45*j - 393. Let p be o(-33). Suppose -3*g + 7*g - 92 = -4*w, -21 = -w - 3*g. What is the highest common factor of w and p?
3
Let t be (19/3 - -2)/(21/882). What is the highest common divisor of t and 7?
7
Suppose 16 = 4*u - 4. Let f(y) = -2*y - 4. Let k be f(-12). Let l = k + 25. Calculate the highest common factor of u and l.
5
Let n be (4/6)/(2*3/18). Suppose -n*d + u = -90, -5*u = -3*d - d + 180. Calculate the highest common factor of 30 and d.
15
Let h = -10 - -13. Suppose -7*b + 24 = -h*b. Suppose 6 = -2*q - 4, -q = f - 13. Calculate the highest common factor of b and f.
6
Let t be -3 - 222/(-4) - 1/2. What is the greatest common divisor of 182 and t?
26
Let r(d) = d**3 + 19*d**2 - 151*d - 19. Let w be r(-25). What is the highest common factor of 354 and w?
6
Suppose -